t of 24476?
7
What is the units digit of 791?
1
What is the thousands digit of 1325?
1
What is the thousands digit of 82724?
2
What is the hundreds digit of 1681?
6
What is the hundreds digit of 3084?
0
What is the hundreds digit of 12080?
0
What is the hundreds digit of 7496?
4
What is the units digit of 136?
6
What is the hundreds digit of 129876?
8
What is the units digit of 667?
7
What is the hundreds digit of 51505?
5
What is the units digit of 1342?
2
What is the units digit of 569?
9
What is the hundreds digit of 46172?
1
What is the units digit of 2630?
0
What is the tens digit of 409?
0
What is the units digit of 1183?
3
What is the thousands digit of 3595?
3
What is the thousands digit of 8733?
8
What is the tens digit of 32771?
7
What is the hundreds digit of 4545?
5
What is the hundreds digit of 3179?
1
What is the tens digit of 17348?
4
What is the tens digit of 1266?
6
What is the thousands digit of 4239?
4
What is the hundreds digit of 14373?
3
What is the units digit of 2495?
5
What is the units digit of 3389?
9
What is the ten thousands digit of 36090?
3
What is the ten thousands digit of 11379?
1
What is the hundreds digit of 4865?
8
What is the units digit of 1045?
5
What is the ten thousands digit of 110837?
1
What is the units digit of 24875?
5
What is the tens digit of 2416?
1
What is the thousands digit of 33123?
3
What is the thousands digit of 3106?
3
What is the thousands digit of 2500?
2
What is the units digit of 2398?
8
What is the hundreds digit of 1872?
8
What is the hundreds digit of 16026?
0
What is the ten thousands digit of 99327?
9
What is the hundreds digit of 102435?
4
What is the hundreds digit of 9150?
1
What is the tens digit of 1989?
8
What is the tens digit of 1538?
3
What is the tens digit of 18467?
6
What is the hundreds digit of 19594?
5
What is the units digit of 639?
9
What is the units digit of 3256?
6
What is the units digit of 6183?
3
What is the ten thousands digit of 47747?
4
What is the thousands digit of 1412?
1
What is the thousands digit of 6571?
6
What is the ten thousands digit of 15914?
1
What is the units digit of 4682?
2
What is the units digit of 54768?
8
What is the tens digit of 38?
3
What is the hundreds digit of 1461?
4
What is the tens digit of 1138?
3
What is the thousands digit of 64526?
4
What is the units digit of 3700?
0
What is the units digit of 1757?
7
What is the hundreds digit of 4611?
6
What is the hundreds digit of 1416?
4
What is the units digit of 14361?
1
What is the tens digit of 1317?
1
What is the units digit of 18326?
6
What is the thousands digit of 41569?
1
What is the hundreds digit of 648?
6
What is the hundreds digit of 305?
3
What is the thousands digit of 21550?
1
What is the thousands digit of 159957?
9
What is the thousands digit of 1084?
1
What is the tens digit of 83?
8
What is the units digit of 622?
2
What is the tens digit of 50738?
3
What is the hundreds digit of 980?
9
What is the tens digit of 11866?
6
What is the hundreds digit of 2569?
5
What is the units digit of 14751?
1
What is the tens digit of 288?
8
What is the thousands digit of 6193?
6
What is the tens digit of 2658?
5
What is the tens digit of 1054?
5
What is the tens digit of 5569?
6
What is the tens digit of 6115?
1
What is the thousands digit of 81678?
1
What is the thousands digit of 33384?
3
What is the hundreds digit of 1041?
0
What is the thousands digit of 9196?
9
What is the ten thousands digit of 34836?
3
What is the hundreds digit of 388?
3
What is the tens digit of 21666?
6
What is the hundreds digit of 12323?
3
What is the tens digit of 2699?
9
What is the hundreds digit of 140?
1
What is the tens digit of 17087?
8
What is the thousands digit of 15261?
5
What is the hundred thousands digit of 135701?
1
What is the hundreds digit of 108965?
9
What is the tens digit of 26156?
5
What is the hundreds digit of 4187?
1
What is the thousands digit of 20446?
0
What is the units digit of 14880?
0
What is the tens digit of 86019?
1
What is the units digit of 1786?
6
What is the tens digit of 6904?
0
What is the thousands digit of 92210?
2
What is the hundreds digit of 26336?
3
What is the hundreds digit of 1564?
5
What is the units digit of 4403?
3
What is the hundreds digit of 8838?
8
What is the hundreds digit of 800?
8
What is the ten thousands digit of 18393?
1
What is the units digit of 78050?
0
What is the tens digit of 354?
5
What is the tens digit of 65441?
4
What is the units digit of 1047?
7
What is the thousands digit of 50695?
0
What is the tens digit of 31842?
4
What is the thousands digit of 1144?
1
What is the thousands digit of 75093?
5
What is the units digit of 11664?
4
What is the hundreds digit of 6225?
2
What is the hundreds digit of 1942?
9
What is the hundreds digit of 3559?
5
What is the hundreds digit of 8625?
6
What is the tens digit of 4107?
0
What is the hundreds digit of 224?
2
What is the ten thousands digit of 25674?
2
What is the tens digit of 1778?
7
What is the hundreds digit of 36378?
3
What is the ten thousands digit of 13185?
1
What is the thousands digit of 8367?
8
What is the units digit of 61054?
4
What is the hundreds digit of 270?
2
What is the units digit of 4339?
9
What is the tens digit of 15764?
6
What is the units digit of 26581?
1
What is the tens digit of 8544?
4
What is the tens digit of 924?
2
What is the units digit of 7478?
8
What is the units digit of 251?
1
What is the hundreds digit of 1163?
1
What is the hundreds digit of 7631?
6
What is the units digit of 22937?
7
What is the hundreds digit of 29767?
7
What is the thousands digit of 3708?
3
What is the tens digit of 3396?
9
What is the thousands digit of 1052?
1
What is the thousands digit of 1295?
1
What is the units digit of 142891?
1
What is the units digit of 60228?
8
What is the thousands digit of 1646?
1
What is the tens digit of 1164?
6
What is the thousands digit of 29224?
9
What is the tens digit of 110376?
7
What is the tens digit of 3160?
6
What is the tens digit of 23915?
1
What is the thousands digit of 7583?
7
What is the units digit of 441?
1
What is the hundreds digit of 1148?
1
What is the units digit of 565?
5
What is the thousands digit of 2122?
2
What is the tens digit of 2767?
6
What is the tens digit of 4375?
7
What is the units digit of 19571?
1
What is the hundreds digit of 5476?
4
What is the units digit of 37251?
1
What is the tens digit of 12607?
0
What is the ten thousands digit of 12684?
1
What is the tens digit of 17767?
6
What is the thousands digit of 6197?
6
What is the ten thousands digit of 10107?
1
What is the hundreds digit of 14183?
1
What is the thousands digit of 55331?
5
What is the units digit of 8045?
5
What is the tens digit of 152?
5
What is the tens digit of 19031?
3
What is the hundreds digit of 3304?
3
What is the tens digit of 66804?
0
What is the units digit of 945?
5
What is the tens digit of 55040?
4
What is the tens digit of 46347?
4
What is the tens digit of 257?
5
What is the tens digit of 16459?
5
What is the hundreds digit of 19001?
0
What is the thousands digit of 6212?
6
What is the hundreds digit of 23775?
7
What is the thousands digit of 29740?
9
What is the hundreds digit of 667?
6
What is the tens digit of 564?
6
What is the thousands digit of 51349?
1
What is the hundreds digit of 10406?
4
What is the units digit of 7275?
5
What is the tens digit of 34133?
3
What is the hundreds digit of 18224?
2
What is the tens digit of 3802?
0
What is the thousands digit of 7244?
7
What is the hundreds digit of 9851?
8
What is the units digit of 3568?
8
What is the units digit of 22091?
1
What is the units digit of 5139?
9
What is the units digit of 6180?
0
What is the hundreds digit of 772?
7
What is the units digit of 8849?
9
What is the units digit of 15604?
4
What is the hundreds digit of 7083?
0
What is the hundreds digit of 396?
3
What is the tens digit of 446?
4
What is the units digit of 20334?
4
What is the hundreds digit of 65988?
9
What is the units digit of 15106?
6
What is the thousands digit of 1637?
1
What is the hundreds digit of 971?
9
What is the hundreds digit of 1589?
5
What is the units digit of 1653?
3
What is the units digit of 38822?
2
What is the hundreds digit of 1258?
2
What is the units di